{"id":213,"date":"2017-04-29T15:11:35","date_gmt":"2017-04-29T14:11:35","guid":{"rendered":"http:\/\/araloncolor.com\/?page_id=213"},"modified":"2024-10-29T17:23:28","modified_gmt":"2024-10-29T15:23:28","slug":"news","status":"publish","type":"page","link":"https:\/\/araloncolor.com\/fr\/news\/","title":{"rendered":"News"},"content":{"rendered":"<p><\/p>\n<h1><strong>ARALON COLOR @ ECS2017<\/strong><\/h1>\n<p><img loading=\"lazy\" decoding=\"async\" class=\"aligncenter size-full wp-image-764\" src=\"http:\/\/araloncolor.com\/wp-content\/uploads\/2017\/04\/ARALON-COLOR-ECS-2017_Logo.jpg\" alt=\"\" width=\"529\" height=\"265\" srcset=\"https:\/\/araloncolor.com\/wp-content\/uploads\/2017\/04\/ARALON-COLOR-ECS-2017_Logo.jpg 529w, https:\/\/araloncolor.com\/wp-content\/uploads\/2017\/04\/ARALON-COLOR-ECS-2017_Logo-300x150.jpg 300w\" sizes=\"(max-width: 529px) 100vw, 529px\" \/><\/p>\n<h1><strong>ARALON COLOR certifi\u00e9 selon EN-ISO 9001:2015 \/ 10 juin 2017<\/strong><\/h1>\n<p><img loading=\"lazy\" decoding=\"async\" class=\"aligncenter size-full wp-image-358\" src=\"http:\/\/araloncolor.com\/wp-content\/uploads\/2017\/05\/ARALON-COLOR_2017-ISO.jpg\" alt=\"\" width=\"529\" height=\"265\" srcset=\"https:\/\/araloncolor.com\/wp-content\/uploads\/2017\/05\/ARALON-COLOR_2017-ISO.jpg 529w, https:\/\/araloncolor.com\/wp-content\/uploads\/2017\/05\/ARALON-COLOR_2017-ISO-300x150.jpg 300w\" sizes=\"(max-width: 529px) 100vw, 529px\" \/><\/p>\n<h1><strong>L&rsquo;\u00e9quipe d&rsquo;ARALON COLOR est heureuse de vous pr\u00e9senter son nouveau site web. Mars 2018<\/strong><\/h1>\n<p>&nbsp;<\/p>\n<h1><strong>Dr. Rami Ismael rencontre le ministre des Affaires \u00e9conomiques Dr. Volker Wissing &#8211; Chimie de l&rsquo;industrie 4 f\u00e9vrier 2019<\/strong><\/h1>\n<p><img loading=\"lazy\" decoding=\"async\" class=\"aligncenter size-full wp-image-1027\" src=\"http:\/\/araloncolor.com\/wp-content\/uploads\/2017\/04\/2019_Branchengespraech_Chemie_Wirtschaftsminister-Dr.-Volker-Wissing-1-1.jpg\" alt=\"\" width=\"730\" height=\"409\" srcset=\"https:\/\/araloncolor.com\/wp-content\/uploads\/2017\/04\/2019_Branchengespraech_Chemie_Wirtschaftsminister-Dr.-Volker-Wissing-1-1.jpg 730w, https:\/\/araloncolor.com\/wp-content\/uploads\/2017\/04\/2019_Branchengespraech_Chemie_Wirtschaftsminister-Dr.-Volker-Wissing-1-1-300x168.jpg 300w\" sizes=\"(max-width: 730px) 100vw, 730px\" \/><\/p>\n<h1>\u00a0<strong>ARALON COLOR @ ECS2019 \/ 19-21 mars 2019<\/strong><\/h1>\n<p><\/p>","protected":false},"excerpt":{"rendered":"<p>ARALON COLOR @ ECS2017 ARALON COLOR certifi\u00e9 selon EN-ISO 9001:2015 \/ 10 juin 2017 L&rsquo;\u00e9quipe d&rsquo;ARALON COLOR est heureuse de vous pr\u00e9senter son nouveau site web. Mars 2018 &nbsp; Dr. Rami Ismael rencontre le ministre des Affaires \u00e9conomiques Dr. Volker Wissing &#8211; Chimie de l&rsquo;industrie 4 f\u00e9vrier 2019 \u00a0ARALON COLOR @ ECS2019 \/ 19-21 mars &hellip; <\/p>\n<p class=\"link-more\"><a href=\"https:\/\/araloncolor.com\/fr\/news\/\" class=\"more-link\">Continuer la lecture<span class=\"screen-reader-text\"> de &laquo;&nbsp;News&nbsp;&raquo;<\/span><\/a><\/p>\n","protected":false},"author":2,"featured_media":1580,"parent":0,"menu_order":0,"comment_status":"closed","ping_status":"closed","template":"","meta":{"footnotes":""},"aioseo_notices":[],"_links":{"self":[{"href":"https:\/\/araloncolor.com\/fr\/wp-json\/wp\/v2\/pages\/213"}],"collection":[{"href":"https:\/\/araloncolor.com\/fr\/wp-json\/wp\/v2\/pages"}],"about":[{"href":"https:\/\/araloncolor.com\/fr\/wp-json\/wp\/v2\/types\/page"}],"author":[{"embeddable":true,"href":"https:\/\/araloncolor.com\/fr\/wp-json\/wp\/v2\/users\/2"}],"replies":[{"embeddable":true,"href":"https:\/\/araloncolor.com\/fr\/wp-json\/wp\/v2\/comments?post=213"}],"version-history":[{"count":0,"href":"https:\/\/araloncolor.com\/fr\/wp-json\/wp\/v2\/pages\/213\/revisions"}],"wp:featuredmedia":[{"embeddable":true,"href":"https:\/\/araloncolor.com\/fr\/wp-json\/wp\/v2\/media\/1580"}],"wp:attachment":[{"href":"https:\/\/araloncolor.com\/fr\/wp-json\/wp\/v2\/media?parent=213"}],"curies":[{"name":"wp","href":"https:\/\/api.w.org\/{rel}","templated":true}]}}

<p></p>
<h1><strong>ARALON COLOR @ ECS2017</strong></h1>
<p><img loading="lazy" decoding="async" class="aligncenter size-full wp-image-764" src="http://araloncolor.com/wp-content/uploads/2017/04/ARALON-COLOR-ECS-2017_Logo.jpg" alt="" width="529" height="265" srcset="https://araloncolor.com/wp-content/uploads/2017/04/ARALON-COLOR-ECS-2017_Logo.jpg 529w, https://araloncolor.com/wp-content/uploads/2017/04/ARALON-COLOR-ECS-2017_Logo-300x150.jpg 300w" sizes="(max-width: 529px) 100vw, 529px" /></p>
<h1><strong>ARALON COLOR certifié selon EN-ISO 9001:2015 / 10 juin 2017</strong></h1>
<p><img loading="lazy" decoding="async" class="aligncenter size-full wp-image-358" src="http://araloncolor.com/wp-content/uploads/2017/05/ARALON-COLOR_2017-ISO.jpg" alt="" width="529" height="265" srcset="https://araloncolor.com/wp-content/uploads/2017/05/ARALON-COLOR_2017-ISO.jpg 529w, https://araloncolor.com/wp-content/uploads/2017/05/ARALON-COLOR_2017-ISO-300x150.jpg 300w" sizes="(max-width: 529px) 100vw, 529px" /></p>
<h1><strong>L&rsquo;équipe d&rsquo;ARALON COLOR est heureuse de vous présenter son nouveau site web. Mars 2018</strong></h1>
<p>&nbsp;</p>
<h1><strong>Dr. Rami Ismael rencontre le ministre des Affaires économiques Dr. Volker Wissing &#8211; Chimie de l&rsquo;industrie 4 février 2019</strong></h1>
<p><img loading="lazy" decoding="async" class="aligncenter size-full wp-image-1027" src="http://araloncolor.com/wp-content/uploads/2017/04/2019_Branchengespraech_Chemie_Wirtschaftsminister-Dr.-Volker-Wissing-1-1.jpg" alt="" width="730" height="409" srcset="https://araloncolor.com/wp-content/uploads/2017/04/2019_Branchengespraech_Chemie_Wirtschaftsminister-Dr.-Volker-Wissing-1-1.jpg 730w, https://araloncolor.com/wp-content/uploads/2017/04/2019_Branchengespraech_Chemie_Wirtschaftsminister-Dr.-Volker-Wissing-1-1-300x168.jpg 300w" sizes="(max-width: 730px) 100vw, 730px" /></p>
<h1> <strong>ARALON COLOR @ ECS2019 / 19-21 mars 2019</strong></h1>
<p></p>

<p>ARALON COLOR @ ECS2017 ARALON COLOR certifié selon EN-ISO 9001:2015 / 10 juin 2017 L&rsquo;équipe d&rsquo;ARALON COLOR est heureuse de vous présenter son nouveau site web. Mars 2018 &nbsp; Dr. Rami Ismael rencontre le ministre des Affaires économiques Dr. Volker Wissing &#8211; Chimie de l&rsquo;industrie 4 février 2019  ARALON COLOR @ ECS2019 / 19-21 mars &hellip; </p>
<p class="link-more"><a href="https://araloncolor.com/fr/news/" class="more-link">Continuer la lecture<span class="screen-reader-text"> de &laquo;&nbsp;News&nbsp;&raquo;</span></a></p>
